e factors of c(t)?
11
Let g = -6 - -4. Let p be 12/g*5/3. Let z = p + 16. What are the prime factors of z?
2, 3
Let i(m) = m - 2. Suppose 3*s + 12 = 6*s. Let l be i(s). Suppose -l*p = -4*p + 12. List the prime factors of p.
2, 3
Suppose 0 = u + q - 50 + 11, 2*u = -q + 83. List the prime factors of u.
2, 11
Let z = -5 - -8. Suppose -n = -z*m - m + 12, -4 = -5*m + 4*n. List the prime factors of m.
2
Let k(z) = 4*z - 3. Let q(i) = 3*i - 3. Let b(s) = 2*k(s) - 3*q(s). Suppose -4*m = -2*m. What are the prime factors of b(m)?
3
Let q(d) = 7*d**3 - 5*d + 7. Let t(u) = 3*u**3 - 2*u + 3. Let z(a) = -2*q(a) + 5*t(a). Let x be z(2). What are the prime factors of 404/36 - 2/x?
11
Let o be ((-3)/9)/(1/(-9)). Let c(d) = 6*d - 2. What are the prime factors of c(o)?
2
Let v = 530 + -279. List the prime factors of v.
251
Suppose 3*r + 2*t + 62 = 0, 0 = -r - t - 12 - 9. List the prime factors of (168/r)/((-3)/10).
2, 7
Let f be 13/4 - (-2)/(-8). Suppose -5*o = j - 3*o - 13, f*j + o - 24 = 0. Suppose -3*q = -2*m - 21, -2*q - 4*m = -j*m - 19. What are the prime factors of q?
5
Suppose -2*k + 12 = k. Suppose -k*d + r = -35, -2*d = d + 5*r - 9. List the prime factors of d.
2
Let l(q) = -q - 1. Let k(b) = -b**2 - 2. Let a(u) = -k(u) + 6*l(u). Let y be a(7). Suppose y*g = -2*g + 35. What are the prime factors of g?
7
Let r(w) = -w**3 - 7*w**2 + 7*w + 5. Let p(f) = -f**3 + 5*f**2 - 7*f + 4. Let z be p(4). What are the prime factors of r(z)?
13
What are the prime factors of -2 - 755/(-10)*2?
149
Let z(m) = -6 + 7 - 2*m + 2*m**2 + 0. What are the prime factors of z(-2)?
13
Let c(i) = i + 12. Let g be c(-8). List the prime factors of (-2)/g - 26/(-4).
2, 3
Let w(z) = 3*z**2 + 4*z - 2. List the prime factors of w(-5).
53
Suppose -2*x = -x + 34. What are the prime factors of (x/4)/((-2)/4)?
17
Suppose -t = 3*v - 146, v - 3*t = -2*t + 42. What are the prime factors of v?
47
List the prime factors of 8/(-20) + (-462)/(-5).
2, 23
Let a = 5 - 9. Suppose 3*o - 38 = -2*v, 5*o - 5*v - 129 + 24 = 0. Let d = o + a. List the prime factors of d.
2, 3
Let z(w) = -w - 7. Let j be z(-3). What are the prime factors of (-4 - j) + -1 + 9?
2
Let j be (0 - 0)/(-3 + 1). Suppose j*u + 12 = 4*u. List the prime factors of u.
3
Let t be (-1)/(-3) + (-685)/(-15). Let o = -30 + t. What are the prime factors of o?
2
Suppose 5*b = 150 + 375. What are the prime factors of b?
3, 5, 7
Suppose -39 = -0*u - u - 3*h, 0 = 3*u + 3*h - 147. Suppose 0*y + 2*o + u = 5*y, 4*y - 36 = -2*o. List the prime factors of y.
2, 5
Suppose 1 = 5*t - 14. List the prime factors of t.
3
Let d(p) = p**2 - 4*p - 4. Let c be d(4). Let b(q) be the third derivative of q**5/30 + q**4/4 + q**3/6 + 10*q**2. What are the prime factors of b(c)?
3
Let k = 4 - 2. Let w = k + -2. Suppose w = -2*j - 7 + 17. What are the prime factors of j?
5
Let m(q) = q + 5. Let l be m(0). Suppose 2*k = l*k - 39. List the prime factors of k.
13
Let v = -184 + 314. What are the prime factors of v?
2, 5, 13
Suppose 2 = 2*u, 3*a - 2*a + 5*u = 5. Suppose a = -2*b + 7*b - 15, 2*d + 5*b - 31 = 0. Let w(h) = h**2 - 6*h + 4. What are the prime factors of w(d)?
2, 5
Let x be -19*2/(-2) - -1. Let r be (-2)/(-10) - 204/20. Let n = x + r. What are the prime factors of n?
2, 5
Let v(x) = 36*x**3 - 1. Let i be v(1). Suppose i = 3*k - 1. Suppose 2*n - 4*n + k = 0. What are the prime factors of n?
2, 3
Let n(u) = u**2 + u + 1. Let q be n(-1). Let c be 12/9 - q/3. Suppose h - 2 = c. What are the prime factors of h?
3
Suppose 10*s - 5*s - 3*t - 12 = 0, -10 = -2*s - 4*t. Let v be 1*s*12/18. Suppose 1 = q - v. What are the prime factors of q?
3
Suppose -27 - 163 = -5*k. Suppose 0 = -4*u - 6*r + r + 46, k = 4*u + r. What are the prime factors of u?
3
Let c = -58 + 14. List the prime factors of 4/22 - 2060/c.
47
Suppose -o - o + 8 = 0. Suppose o*j - 3*j - 27 = 0. Suppose -2*w + 0*w - x = -j, 3*w - 48 = -3*x. What are the prime factors of w?
11
Let a(r) be the first derivative of r**3/3 - 3*r**2/2 + r - 1. Let d(b) be the first derivative of a(b). List the prime factors of d(5).
7
Let g = 2 + 2. Suppose -2*l - 3*m + 2*m = -4, -4 = -4*l - g*m. List the prime factors of l/12 - (-11)/4.
3
Suppose 5*z - 275 = -5*d, z + 4*z - 4*d - 266 = 0. Suppose 0 = -t - 6 + z. List the prime factors of t.
2, 3
Let y(f) = 20*f**2 - f - 3. List the prime factors of y(2).
3, 5
Suppose -72 = -j - 3*j. What are the prime factors of j?
2, 3
Suppose 0*g = g - 42. Suppose -2*a + g = a. Suppose 4*x - a - 14 = 0. What are the prime factors of x?
7
Suppose 0*p + 9 = 3*p. Let u(l) = 2*l - 4. What are the prime factors of u(p)?
2
Let h(x) = -7*x + 4. List the prime factors of h(-5).
3, 13
Let t(m) be the second derivative of 0 - m**2 - 1/3*m**3 + 3*m + 1/4*m**4. What are the prime factors of t(-2)?
2, 7
Let d = 74 + -25. Let g = 73 - d. List the prime factors of g.
2, 3
Let x be 1 - (3/(-1))/3. Suppose 2*p + 23 = 5*j, 2*p = 5*j + 7*p - 30. Suppose 3 = x*t - j. List the prime factors of t.
2
Let p(u) = -2*u + 16. What are the prime factors of p(-12)?
2, 5
Let d(h) = 5*h. Let k be d(5). Suppose -5 + k = 4*r. Suppose r*t + 10 = -u, 2*u = 3*u + 4*t + 7. What are the prime factors of u?
5
Suppose 0 = -4*k + 4 - 0. Let i be (-2 + k)*(0 + 0). Let g = 11 + i. List the prime factors of g.
11
Let z = 78 + 30. List the prime factors of z.
2, 3
Suppose -1 + 33 = s. What are the prime factors of s?
2
Let r(l) = -l**2 + 5*l + 7. Let g be r(6). Suppose -5*a + g = -34. What are the prime factors of a?
7
Suppose -2*w - 5 = 5. Let k = w - -14. What are the prime factors of k?
3
Let w(s) = -s**2 - 24*s + 1. List the prime factors of w(-19).
2, 3
Let r(m) = m**2 - m. Suppose 8 = -5*p + p. What are the prime factors of r(p)?
2, 3
Let d = 8 + 66. List the prime factors of d.
2, 37
Suppose -2*u + 10 = 5*l + 3*u, 4*u - 8 = -2*l. Suppose -3*q + 6*q - 39 = l. What are the prime factors of q?
13
Suppose -3*u = v + 2*v - 24, 2*v = 3*u - 14. What are the prime factors of u?
2, 3
Suppose 4*c + 30 = 426. What are the prime factors of c/12 + (-1)/4?
2
Let n = 8 + 22. List the prime factors of n.
2, 3, 5
Suppose z + 3*r = -14, -z = -5*z - r - 23. Let x be (2 - 0) + -1 - z. Suppose 3*m - 59 = -4*w, -w = m - x*m + 14. List the prime factors of w.
11
Let v = -1 - 10. Let o = v - -15. Suppose -z + j = o*z - 43, -z + 13 = 2*j. List the prime factors of z.
3
Suppose 2*q - 14 = -4*m, 2*m = -0*q + 3*q + 19. Suppose -3*w - m*l + 66 = -10, l = -1. What are the prime factors of w?
3
Let i be 5/(5/24) + 1. Let w = i + -17. List the prime factors of w.
2
Let u = 75 - 53. List the prime factors of u.
2, 11
What are the prime factors of (1 - 22)*(132/(-18) + 6)?
2, 7
Let t(o) = 4*o**3 + 2*o**2 - o - 2. What are the prime factors of t(2)?
2, 3
Let m(c) be the first derivative of -c**4/4 + c**3/3 + c**2/2 - c - 1. What are the prime factors of m(-2)?
3
Let i(o) = -o**2 + o + 3 + o + 2*o. Let s be i(4). Suppose 13 = 2*k - s. What are the prime factors of k?
2
Let n = 30 + 1. List the prime factors of n.
31
Let n(i) be the first derivative of i**5/20 - i**4/4 - i**3/2 - 3*i + 2. Let b(m) be the first derivative of n(m). List the prime factors of b(4).
2
Let b = -29 + 156. Let w = b - 86. What are the prime factors of w?
41
Let h(m) be the first derivative of -11*m**2/2 - 18*m - 5. List the prime factors of h(-6).
2, 3
Let c = 156 - 80. Suppose 2*b + c = 6*b. List the prime factors of b.
19
Suppose 11*n - 1335 = 6*n. What are the prime factors of n?
3, 89
Let m(y) = y**3 - 10*y**2 + 10*y - 10. Let v be m(9). Let q(k) = -29*k. What are the prime factors of q(v)?
29
Let y(s) = 0*s**2 - 5*s**2 + 3*s**2 - s - 3*s**3. Let c be (-38)/34 - 14/(-119). List the prime factors of y(c).
2
Let g(w) = -2*w. Let t be g(-3). What are the prime factors of (-63)/28*(-32)/t?
2, 3
Suppose g - 2*z - 14 = 0, -8 = -5*g + 3*z + 27. Suppose 2 = -2*o + g. Suppose 3*w = o + 26. What are the prime factors of w?
3
Let s = -4 + -3. Let m = s + 1. What are the prime factors of 9/(-3 + (-27)/m)?
2, 3
Suppose -p - 11 = -1. What are the prime factors of 8/(-20) - 154/p?
3, 5
Let d(k) = -k**3 + 7*k**2 - 5*k + 4. List the prime factors of d(3).
5
Let s be (-2 + -63 - -3) + -3. Let t = -34 - s. What are the prime factors of t?
31
Let w(a) = -5*a - 12. Let k(m) = 11*m + 25. Let u(x) = -6*k(x